et p be (3/3)/((-2)/6). Is p/3 + -2 + r even?
True
Let l = -11 - -39. Suppose -2*z - 2*z = -l. Is 7 a factor of z?
True
Let c(g) = 22*g**2 + 4*g + 5. Is c(-2) a multiple of 37?
False
Let g be 2/4 + (-45)/(-2). Suppose -5*m - 2*q + 63 = q, 5*q = -2*m + 29. Let r = g - m. Does 11 divide r?
True
Let l = -9 + 12. Suppose 4*t + 161 = 3*x, -x = -t - l*t - 43. Does 19 divide x?
False
Suppose -20*s + 12*s + 72 = 0. Does 9 divide s?
True
Suppose 0 = f - 2 - 4. Suppose 2*n = 3*n - f. Suppose -n*d - 3*x = -3*d - 63, -d = 4*x - 6. Is 13 a factor of d?
True
Suppose -3*g = 3*z + 3, 0 = -3*g + 4*z - 3 - 7. Let y be 3/(g + -1) - -2. Is (-40)/(-2) + y*-2 a multiple of 18?
True
Let o be 2 + 0/(-2) + -2. Suppose -4*y - i + 9 + 1 = o, 4*y - 12 = -2*i. Is 9 a factor of (24/10)/(y/15)?
True
Let n = 8 + 6. Does 4 divide n?
False
Suppose -2*h + 4 = -5*s, 0*s - 10 = 3*s - 5*h. Suppose -u + 5*u = s. Suppose 2*d - 2 - 38 = u. Is 10 a factor of d?
True
Suppose 3*v + 2*v + 4*s = 57, 2*v + 2*s = 24. Let z(l) = -l**3 + 8*l**2 + 13*l - 2. Is 17 a factor of z(v)?
True
Suppose r + 3 - 6 = 0. Suppose -4*i + i + 141 = 3*m, r*m - 93 = -2*i. Is i/20*50/4 a multiple of 15?
True
Let c = -6 - -3. Is c + (-1)/(2/(-28)) a multiple of 10?
False
Let j = -9 - 19. Let s = 72 + j. Suppose 2*l = -0*l + s. Does 11 divide l?
True
Suppose 3*y = 814 - 40. Suppose -742 - y = 4*j. Is 1/3 + j/(-6) a multiple of 12?
False
Let p(u) = -u + 5. Let b be p(5). Suppose b*v = 3*v - 33. Let c(s) = s - 8. Is c(v) a multiple of 3?
True
Suppose 7*b - 3*b + f - 161 = 0, 4*b - 4*f = 136. Is b a multiple of 13?
True
Let p = 53 - 23. Is 10 a factor of p?
True
Suppose -4*f - 245 = -9*f. Is 7 a factor of f?
True
Let v(b) = b**2 + 6*b + 2. Suppose 2*z - 32 = 4*h - 0*z, 0 = -2*z + 8. Let n be v(h). Suppose 2*g = -2*p + 32, n*p + p - 37 = -2*g. Does 6 divide g?
False
Let x(k) = -k**2 - 5*k + 4. Let z be x(-6). Let n(t) = 2*t**2 + t - 2. Let s(d) = 1. Let w(j) = n(j) + 3*s(j). Is w(z) a multiple of 6?
False
Let q be 1*3 - (-3 - -4). Suppose -4 = -2*k + 2*r, 2*k + q*r = 3*k - 2. Suppose 0 = k*d - 14. Does 2 divide d?
False
Suppose -1 - 2 = -2*l + 5*t, 2*l - 12 = -4*t. Does 4 divide l?
True
Let r(s) = -s**3 + 7*s**2 + 3*s - 10. Let o(v) = 2 - 3 + 5*v + 6*v**3 - 3*v. Let z be o(1). Is r(z) a multiple of 6?
False
Let w = 5 - 5. Suppose w = -t - 3*t. Suppose t*o + 5*o = 160. Does 16 divide o?
True
Suppose -2*g = 301 - 105. Let u = g + 154. Is u a multiple of 14?
True
Let r(w) = w**3 - 3*w**2 + 2*w - 4. Is r(4) a multiple of 10?
True
Suppose -5*p = 189 + 36. Suppose d - 3*s - 12 = 2*s, s - 9 = 4*d. Does 21 divide d/1 - (p - -6)?
False
Let x(n) = -4*n - 24. Let k be x(-7). Let m(l) = 3*l**2 - 5*l - 3. Is 25 a factor of m(k)?
True
Suppose -4*j = j - 20. Suppose j*y = -y + 180. Is 17 a factor of y?
False
Let m(c) = -6*c - 11. Let s = -25 - -19. Is m(s) a multiple of 5?
True
Let s = -61 + 34. Let f = 2 - s. Let t = f - 21. Is t a multiple of 3?
False
Let l = 14 - 13. Does 11 divide 1230/24 + l/(-4)?
False
Suppose 3 = -2*a + 1. Is 3 a factor of a/2 - (-7)/2?
True
Let z(s) = -5*s**2 + 5*s - 2. Let x(a) = 5*a**2 - 6*a + 3. Let p(n) = -3*x(n) - 4*z(n). Does 6 divide p(-1)?
True
Let u(j) = j**2 - 11*j + 7. Let h(f) = 3 + 3 - 4*f + 0*f**2 - 6*f + f**2. Let n(c) = 4*h(c) - 3*u(c). Is n(8) a multiple of 7?
False
Suppose -5*j + 4*j = -7. Is 2 a factor of j?
False
Let d = -3 + 6. Suppose d*r + 6 = -3. Does 12 divide (25/r)/((-1)/3)?
False
Let j be 1 + 1 - (-96)/4. Suppose -y + j = y. Does 13 divide y?
True
Suppose i - 173 = 3*b, 0 = -5*b + 3*i - 256 - 39. Let o = b + 20. Does 12 divide 8/o - 436/(-18)?
True
Let u be (4/(-8))/(1/2). Does 4 divide (6/18)/(u/(-48))?
True
Let q be (-6)/(-4)*(-16)/(-12). Suppose 94 = q*b + 34. Suppose -p + b = 2*v, 0 = -4*p + 2*v + 84 + 46. Is 9 a factor of p?
False
Let d = 498 - 890. Is 2/11 - d/22 a multiple of 15?
False
Suppose -5*b = -2*c + 105, -3*b - 54 - 218 = -5*c. Does 15 divide (c/33)/(1/15)?
False
Suppose 2*k + 19 = 5*k - 2*p, 2*k = 4*p + 26. Let j be ((-2)/(-5))/(2/10). Suppose -2*g = 2*g - 5*z - 130, -j*z - 94 = -k*g. Is g a multiple of 18?
False
Is 4*(8/(-1))/(-1) a multiple of 11?
False
Suppose -100 = -5*b + 175. Suppose 3*v + 2*v = b. Is 2 a factor of v?
False
Suppose -4*o - 21 = 5*f, -3*f + o - 3*o - 11 = 0. Let d be 3 - f*(0 + 2). Suppose -37 = -d*h - 7. Does 3 divide h?
True
Let y = -16 + 37. Let v be 1*(2 - (-2)/(-2)). Is y + (3 - v)*1 a multiple of 23?
True
Let k = -1 + -2. Does 11 divide -2*k/2 + 11?
False
Suppose -u - 4 = 0, 3*u + 9 + 9 = 3*k. Let d(v) = 7*v + 2. Let j be d(k). Suppose -j + 4 = -r. Is 4 a factor of r?
True
Suppose 4 = m + 4*p, 0*p - 5*p = -m - 5. Let a = 6 + 24. Suppose u = -m*u + a. Is u a multiple of 15?
True
Let v be 1 - ((0 - -3) + -1). Let c be (v/(-2))/((-3)/(-174)). Suppose -4*z = -27 - c. Does 8 divide z?
False
Let p(j) be the first derivative of j**3/3 - 9*j**2/2 + 3*j + 4. Let z be p(9). Is (5 - z)/8*124 a multiple of 9?
False
Suppose 0 = -7*p + 6*p + 135. Is p a multiple of 9?
True
Suppose 2*s = -0*s + 10. Suppose -x + 4*y - 26 = 0, -x + 49 = -5*x + s*y. Is x/(-5)*(-160)/(-6) a multiple of 14?
False
Suppose -5*a + 2*h = -141, 0*h - 3*h = 4*a - 122. Is a a multiple of 29?
True
Let g(f) = -f**3 + 10*f**2 - 10*f - 10. Let p be g(9). Let j = 51 + p. Is j - (2 - (-8)/(-2)) a multiple of 20?
False
Let w = 69 + -19. Does 25 divide w?
True
Suppose 5*t - 6*t = -1. Let d(w) = 4*w**2 + 1. Is d(t) a multiple of 2?
False
Suppose 0 = -4*o + w + 15, 0 = -4*o - o - 5*w + 25. Suppose -b = -o - 35. Does 13 divide b?
True
Suppose 2*m - 5*u + 27 + 27 = 0, 0 = 2*m - 2*u + 60. Let s = 49 + m. Does 17 divide s?
True
Let n = 12 - 18. Let t(u) = -u**3 - 2*u**2 - 6*u + 7. Let h(a) = a**3 + 3*a**2 + 5*a - 6. Let k(v) = -3*h(v) - 2*t(v). Is k(n) a multiple of 29?
True
Let f(i) be the second derivative of i**5/60 + i**4/24 + 2*i**3/3 + 3*i**2/2 + 2*i. Let p(n) be the first derivative of f(n). Is p(-3) a multiple of 5?
True
Let f be ((-6)/(-5))/((-3)/10). Let m be -2 + f*(-3 + 0). Let k(n) = -n**3 + 10*n**2 + 2*n + 3. Is k(m) a multiple of 23?
True
Suppose l - 45 = 2*w - 0*w, 5*l - 217 = 2*w. Does 13 divide l?
False
Suppose 4*l - 516 = 3*n, -15 - 5 = 5*n. Is l a multiple of 16?
False
Suppose 2*k = -3*k - 5*n - 20, 0 = -3*k + 3*n + 18. Does 17 divide (k - (-1 - 1)) + 14?
True
Let x(q) = -q**2 - 8*q + 12. Let w be x(-9). Suppose -23 = -2*y + w. Is 4 a factor of y?
False
Let l(z) = -z**3 + 3*z**2 + 5*z + 2. Let m be l(4). Suppose 4*p - 2*x = -m*x + 20, -2*x = -2*p + 6. Is p even?
True
Let v(i) = -2*i - 3*i**3 + 5*i**3 + 2*i**3 + i**2. Let s be v(2). Suppose 2*c + d = s, -2*c + 16 = 3*d + 2*d. Is 12 a factor of c?
False
Suppose 5*y - 1 = -11. Let n = -4 - y. Is 14 a factor of n*1*40/(-5)?
False
Let p(n) be the third derivative of -n**6/120 + 3*n**5/20 - 2*n**3/3 - 2*n**2. Let o be p(9). Does 16 divide 3*15 + (-3 - o)?
False
Let i(w) = w**3 - w**2 + w + 8. Let o be i(0). Let j(x) = 3*x - 2*x + 152 - 154. Is 4 a factor of j(o)?
False
Let r = 150 - 69. Is 27 a factor of r?
True
Let q = 427 - 295. Is q a multiple of 11?
True
Let m be 24/9*(-1 - -4). Let v = m - 6. Is v even?
True
Let b(k) = 3*k + 7. Let c(f) = 4*f + 7. Let q(z) = 5*b(z) - 4*c(z). Let d be q(6). Does 20 divide (6 - 5)*(d - -39)?
True
Let j = -7 + 4. Let s be (-3)/(-9) - 8/j. Is (-4)/((-4)/s) - 0 a multiple of 2?
False
Suppose 2*o = -3*p + 133, -o + 2*o - p - 64 = 0. Let b = -45 + o. Does 12 divide b?
False
Let j(n) = n**3 - 5*n**2 - 7*n + 8. Let k be j(6). Suppose w = -k*w. Suppose 0 = 2*y - w - 8. Does 2 divide y?
True
Let i(a) = -17*a + 4. Let n(j) = 17*j - 5. Let z(m) = 3*i(m) + 2*n(m). Does 12 divide z(-2)?
True
Let u(p) be the first derivative of -7*p**2/2 - 3*p - 1. Let d(z) = -z**3 - 4*z**2 - 2*z + 2. Let g be d(-2). Does 6 divide u(g)?
False
Let w be (6/2 - 0) + 43. Let i(t) = 5*t**2 + 3*t + 2. Let l be i(-2). Let p = w - l. Does 22 divide p?
False
Let d be -2*3*(-2)/4. Suppose -d*k = -2*k - 5. Suppose 0 = k*q + z - 20, -q - 3*z + 18 = -0*z. Does 2 divide q?
False
Suppose 2*y = 2*l - 0*y - 24, l - 6 = -y. Let u = 23 + l. Is u a multiple of 6?
False
Let n = -2 - -77. Is n a multiple of 15?
True
Let s(p) = p - 7. Let k be s(9). Suppose -2 = -3*v + 2*v, k*a = -5*v + 84. Let m = -20 + a. Does 13 divide m?
False
Let d(y) = -